r - 3. Calculate m(-5).
4
Let b(c) = 9*c**3 + c**2 - c + 1. Suppose -8*k + 5 = -3*k + 2*q, -2*k + 4*q = -2. Give b(k).
10
Let t be (-15)/(-35) + 36/14. Let n(x) be the third derivative of -5*x**2 - 1/8*x**4 + 0 + 1/6*x**3 + 0*x. What is n(t)?
-8
Let x(s) be the first derivative of -s - 1/2*s**2 + 12. Suppose k + 2*k = 0. Calculate x(k).
-1
Let t(b) = -b + 5*b - 5 + 4*b - 2*b**2 + b**2. Let f(j) = -2*j + 26. Let o be f(10). What is t(o)?
7
Let i(k) = k**3 + 4*k**2 + 4*k + 4. Let f(n) = -4*n + 33. Let h be f(-23). Let y = -128 + h. What is i(y)?
1
Let s(l) be the third derivative of 0*l - 1/12*l**4 - 1/20*l**5 + 1/120*l**6 - 6*l**2 + 0 + 0*l**3. Determine s(-2).
-16
Let m(v) = -6 + 0*v**2 - 4*v**3 + 4*v + 2*v**3 + 0*v**3 - 4*v**2 + v**3. Calculate m(-5).
-1
Let f(d) = d**3 + 6*d**2 + 2*d + 4. Let r be (4/8)/((-2)/24). Let l be (-58)/r - 3/(-9). Suppose -l = 2*j + 2. Determine f(j).
-8
Let h(u) = 7*u**2 - u**3 + 0*u**2 - 6 + 3 + 0*u**2 + 2*u**2 - 8*u. Calculate h(8).
-3
Let z(a) = -2*a**3 + 19*a**2 + 4*a + 3. Let s be z(9). Let r = s + -112. Let c(x) = -x**3 + 7*x**2 + 5*x + 10. What is c(r)?
-14
Suppose 4*s = -0*s + r + 29, -5*s + 37 = -2*r. Let u(b) = -b**2 + 6*b + 2. What is u(s)?
-5
Let m(d) = 7*d**2 - 7*d - 13. Let h(g) = -3*g**2 + 3*g + 6. Let u(y) = -9*h(y) - 4*m(y). Give u(3).
-8
Let n(d) be the first derivative of d**4/4 - 3*d**2/2 + 3*d + 14. Let o(f) = f - 5. Let u be o(5). Suppose u = -x + 2. Calculate n(x).
5
Let g = 37 - 35. Suppose 4*h - 4*x + 14 = -5*x, -g*x = 2*h + 4. Let m(a) = a**3 + 4*a**2 + 2*a + 6. Determine m(h).
-2
Let n(s) = 6*s + 3. Let p be n(0). Let y(i) = -p*i + i - 5*i + 6*i - 3. Determine y(5).
-8
Let r(z) = -3*z**3 - 11*z**2 - 9*z. Let b(y) = 7*y**3 - 1 - 17*y + 14*y**2 + 0*y**3 + 36*y + 9*y**2. Let t(p) = -4*b(p) - 9*r(p). What is t(8)?
-20
Suppose -g + 5 + 8 = z, 5*g + 19 = 2*z. Let i(b) = 6*b - 66. Calculate i(z).
6
Let u(n) = 6*n + 1 - 9*n + 4*n + 0 + 3. Calculate u(3).
7
Let k = 47 - 45. Let j(y) = 4*y - 3. Let z(c) = -6 + 1 + 9*c - 1. Let h(f) = 5*j(f) - 2*z(f). Give h(k).
1
Let d(g) be the third derivative of 5/3*g**3 + 1/60*g**5 + 9*g**2 + 0 + 0*g + 3/8*g**4. Calculate d(-7).
-4
Let o(z) = -2*z + 8. Let n(g) = g**3 - g**2 + g - 2. Let i be n(3). Let s = -16 + i. Suppose s*h = 4*h - 6. Give o(h).
-4
Suppose -6 = -2*j + 6. Let v be j/(-4)*(-8 + 10). Let r(x) = x**2 - x - 3. Calculate r(v).
9
Suppose -97*j + 90*j = 77. Let u(z) = -2*z**2 - 23*z - 15. Determine u(j).
-4
Let t be (20/8)/((-1)/2). Let a(p) be the third derivative of p**5/60 + 5*p**4/24 + p**3/6 + 7*p**2. Give a(t).
1
Let o(z) = -2*z - 9. Let a = 242 - 238. Calculate o(a).
-17
Suppose 13 + 23 = 3*q. Suppose q - 21 = 3*a. Let c(s) = s - 1. Let i(l) = -7*l + 6. Let y(u) = -6*c(u) - i(u). Determine y(a).
-3
Let s(k) be the third derivative of k**4/6 - k**3/2 - 61*k**2 - 2. Calculate s(-3).
-15
Let c(s) = -s**3 - 6*s**2 - 4*s + 5. Let y be -5 + 0/(1 + 0). Let g be c(y). Let n(x) = -x - 4. Calculate n(g).
-4
Let v(i) = -i**2 - 6*i - 2. Let w(s) = -s**3 - 7*s**2 - 6*s + 3. Let u = -15 + 9. Let l be w(u). Suppose l*j + 2*c + 9 = 1, -5*c - 10 = 5*j. Calculate v(j).
6
Let q(c) = -c**3 + 9*c**2 - 10*c + 12. Let t(k) = 45*k + 53. Let h be t(-1). Calculate q(h).
-4
Let b = 5 - 7. Let j(k) = 3*k**3 + 2*k**2 + 3*k + 5. Let d(g) = -4*g**3 - 3*g**2 - 4*g - 6. Let q(u) = 4*d(u) + 5*j(u). Determine q(b).
3
Let x = -10 + 30. Let z = x + -20. Let d(v) = 19 + 3*v - 8 - 2*v. Determine d(z).
11
Let r(p) = 6*p. Let z(v) = -19*v - 5. Let j(c) = -29*c - 8. Let x(i) = -5*j(i) + 8*z(i). Let a(t) = -6*r(t) - 5*x(t). Let m be (3/6)/((-1)/6). What is a(m)?
3
Let w(s) be the first derivative of s**6/40 - s**5/120 + s**4/24 + 4*s**3 - 24. Let c(d) be the third derivative of w(d). What is c(1)?
9
Let d(m) = -m**3 + 7*m**2 - 6*m + 7. Let c be ((-6)/(-4))/((-102)/60 + 2). Give d(c).
27
Suppose -s = -z - 0 - 5, -5*z - 27 = -3*s. Let y(j) = -j**2 - 4*j - 4. What is y(z)?
-16
Let x(t) = t**3 + 18*t**2 + 3. Let a be x(-18). Let z be (-6 + 1)/(3 + -4). Let b(y) = -z*y + y**2 + 5*y - 1 - 3*y. Calculate b(a).
-1
Let n = -242 - -248. Let b(y) be the second derivative of -y**2 + 1/2*y**3 + n*y + 0. Calculate b(-2).
-8
Let q(m) be the second derivative of -m**5/20 - m**4/6 - m**3/3 + m**2 + 3*m. Suppose 2*g - 19 = 3*x, 115*x = 117*x + 3*g - 9. Give q(x).
17
Let p(z) = z**3 + z**2 + z + 1. Let i(c) = -3*c**3 + 3*c**2 - 3*c + 4. Let m(k) = -i(k) - 2*p(k). Calculate m(5).
-1
Let s(n) = -7*n**2 - n. Suppose p + 13 + 5 = 5*a, 4*a = -3*p + 22. Let l = -1 + 4. Suppose -z = 5*x + 14, -l*z - 2*x - 5 = -p*z. What is s(z)?
-8
Let z(b) = -3*b**3 + 3*b**2 + b + 1. Let g(t) be the third derivative of -t**6/30 + t**5/15 + 3*t**2. Let n(y) = 2*g(y) - 3*z(y). Give n(3).
6
Let i = 11 - 7. Suppose -i*a = 3 + 5. Let c(q) = 141*q**2 + 143*q**2 - 2 + 146*q**2 - 3*q - 579*q**2 + 146*q**2. Calculate c(a).
-8
Let j(z) = -2*z - 7. Let d(i) = 1. Let w(v) = -5*d(v) - j(v). Let k = -11 + 9. Determine w(k).
-2
Let c be 6*(-5 + (-154)/(-21)). Let r(j) = j**2 - 13*j - 17. Give r(c).
-3
Suppose 70 = -21*i + 14*i. Let n(q) = -q**2 - 8*q + 3. What is n(i)?
-17
Let w be (44/8)/(5/(-2) + 3). Let y(l) = -l**3 + 10*l**2 + 14*l + 2. What is y(w)?
35
Let x(p) = -p + 1. Let a = -11 + -17. Let j = -20 - a. What is x(j)?
-7
Let i = 17 - 13. Suppose -3*b + 16 - i = 0. Suppose b*k + 20 = r, 0*r + r + 22 = -3*k. Let q(g) = 2*g + 9. Determine q(k).
-3
Let d(b) be the second derivative of -b**5/20 - b**4/4 + b**3/2 + 2*b**2 + 3*b. Let w be d(-4). Let a(v) = 0 - w + 2 - v. What is a(-8)?
2
Let k = -28 - -34. Suppose -2*u = -u + k. Let c(f) = f**3 + 5*f**2 - 7*f - 2. Calculate c(u).
4
Let c(w) be the second derivative of w**3/3 - 9*w**2/2 + 76*w. Let j = 10 - 4. Give c(j).
3
Let m = 5 + -1. Suppose -m*t - t - 5 = 0. Let g(x) = -x**2 - 29*x + 4. Let r(c) = 2*c**2 + 48*c - 7. Let j(i) = -5*g(i) - 3*r(i). Calculate j(t).
-1
Let l(x) = 17*x - 5. Suppose 0 = -11*o + 8 + 14. Determine l(o).
29
Let u(a) = a**2 + 5*a + 1. Suppose 0 = -z - 71 + 67. Give u(z).
-3
Let g = 1351 + -1351. Let u(a) = a**3 - a**2 - a. Let h(y) = 3*y**3 - 4*y**2 - 5*y + 5. Let q(o) = h(o) - 4*u(o). Give q(g).
5
Suppose 0*p = 4*p. Suppose -x + p*x = -6. Let b(g) be the second derivative of -g**3/6 - 3*g**2/2 + 2*g - 19. Determine b(x).
-9
Let g(n) = 113*n - 114*n - 132 + 133 + 3*n**2. Let h(t) = -t. Let s be h(-4). Suppose s*d - 4*w - 1 = 11, -2*w - 3 = d. Determine g(d).
3
Let m(v) = -v - 5. Suppose -238*a = -250*a - 48. Calculate m(a).
-1
Let j = -136 + 147. Let z(y) = 312 - 312 - j*y**2. Calculate z(-1).
-11
Let q = 114 + -111. Let k(n) = -n**2 + 4*n - 1. Give k(q).
2
Suppose -3*s + v = 4*v - 18, 0 = -2*s - 4*v + 18. Suppose 4*q = 3*q + 2. Let f(b) = -s*b + q*b - 2*b**2 - 1 - b + b. What is f(-1)?
-2
Let m(g) = 5*g + 2. Let y(l) = 23 + 34 - 18 + 96*l. Suppose 5*n = -15 - 15. Let h(o) = n*y(o) + 117*m(o). What is h(-1)?
-9
Let o(u) = -2*u - 7 - 4 + 20 - 5*u**2 - 8. Suppose 2*x = 5*v + 6, 3*v + 3*x - 9 = -v. Suppose 4*h + 12 = 0, j - 1 = -v*h + h. Calculate o(j).
-15
Let o(c) = -c. Let r(z) = -z - 7. Suppose 2*b + 2*b = 0. Let t be r(b). Let p = t + 10. What is o(p)?
-3
Suppose 2*n + 188 = 184. Let l(a) = 3*a**2 + 10*a + 3. What is l(n)?
-5
Let u(y) be the third derivative of y**6/120 - y**5/6 + 5*y**4/12 - 4*y**3/3 - 4*y**2 - 5. Determine u(9).
1
Let v(m) = 18*m**2 + 15*m + 20. Let p(h) = 25*h**2 + 20*h + 27. Let g(f) = 8*p(f) - 11*v(f). Determine g(-1).
3
Let u(b) be the third derivative of -b**6/120 - b**5/15 + 5*b**4/24 + b**3 + 24*b**2. Determine u(-5).
6
Suppose 7*b = -108 - 39. Let x = b - -27. Let s(l) = -5*l**2 + 10*l + 1. Let n(r) = -6*r**2 + 11*r + 2. Let f(i) = 4*n(i) - 5*s(i). Calculate f(x).
3
Let l(r) = 3*r - 10. Let g be ((-30)/25)/(3/5) - -9. Calculate l(g).
11
Let f(d) be the third derivative of 1/3*d**4 + 1/2*d**3 - 1/120*d**6 + 7/60*d**5 + 50*d**2 + 0 + 0*d. Calculate f(8).
3
Let a(p) = p**3 + 12*p**2 - 4*p - 45. Let c = 1454 + -1466. Calculate a(c).
3
Let j(q) = -q**2 + 11*q - 16. Let v be (-3)/(-7) - ((-4240)/70)/8. Calculate j(v).
8
Let s = -81 + 141. Suppose 4*b + 15 = -5*o - b, 4*b - s = 5*o. Let d be (0/o)/((-2)/1). Let k(c) = -c + 10. Calculate k(d).
10
Let t(v) = 7*v**3 - 7*v**2 + 13*v - 6. Suppose -17 - 3 = -4*j. Let h(k) = 4*k**3 - 3*k**2 + 